Suppose -170*l + 177*l - f = 0. Is l a composite number?
True
Let j(d) = d**3 + 23*d**2 + 59*d - 18. Let g be j(-20). Let u = 891 - 636. Suppose z + 4*l - 250 = -z, -g*z = -l - u. Is z a prime number?
True
Let u(j) = 5*j**2 - 2*j - 7. Let w(o) = -o**3 - 6*o**2 - 4*o + 15. Let m be w(-5). Is u(m) a prime number?
False
Let w(z) = 67*z**3 - z**2 - 3*z - 1. Let p be w(-1). Let c = p - -63. Is (-578)/c*(-3)/(-2) a prime number?
False
Is (-2)/21*-7 - 3705830/(-6) prime?
False
Let j = 46 - 53. Let x be (-9)/(189/(-6)) + (-19)/j. Is 3*1*(x + 2328/9) composite?
True
Suppose 745043 = 5*t + 3*a, 138 = 3*a + 150. Is t a prime number?
True
Suppose 0 = 4*b - 34 - 18. Suppose -b*t = -5*t - 13256. Is t a composite number?
False
Is (10/(140/21))/(3/14) - -810258 prime?
False
Suppose -3635*v + 3633*v + s + 1650494 = 0, 5*s = -3*v + 2475741. Is v a composite number?
False
Suppose 7 = -r + 3*q, 4*q - 2*q = 5*r - 17. Let k(c) = 11*c**3 + 9*c**2 + 12*c - 3. Is k(r) a composite number?
False
Is 0 + (-433557)/9*(-9 - -8) composite?
True
Suppose -18*m = 3*m - 532077. Is m composite?
True
Let x(p) = 415088*p**2 - 22*p - 1. Is x(-3) a prime number?
True
Let s(b) = 11*b - 5. Let n be (3 - (-6)/(-4))/(4/24). Suppose g + n = 13. Is s(g) composite?
True
Let x = -343 - -347. Let t(z) = 206*z + 29. Is t(x) prime?
True
Suppose 318 - 3954 = -12*u. Suppose -u = -2*j + 3515. Is j prime?
False
Let k = 252 + 863. Suppose -2*l = 3*l + 5*t - k, 3*t - 227 = -l. Suppose -s - 4*m - 206 = -3*s, -l = -2*s + m. Is s a prime number?
True
Let m(t) = -3*t**2 - 19*t + 25. Let g(j) = -2*j**2 - 9*j + 12. Let s(d) = 5*g(d) - 3*m(d). Let y be s(10). Suppose 5*n + 11 = k, -y*n - 4 = -24. Is k composite?
False
Suppose 77*n + 6156699 - 50103140 = 0. Is n a prime number?
True
Let m = 168 + -163. Suppose m*u = q + 342, 3*u + 3*q = q + 213. Is u a prime number?
False
Suppose -87*t - 220171 = -2*q - 86*t, 4*t + 440352 = 4*q. Is q a prime number?
True
Let z = 1455 + 70. Suppose -z - 1695 = -4*w. Suppose 5*f - w = -6*d + d, -2*d + 648 = 4*f. Is f a composite number?
False
Let j = -48 - -53. Suppose -u = j*i - 2383, 2*i + 9582 = 4*u - 3*i. Is u a composite number?
False
Let y(q) = -85*q - 14. Let g(f) = -f**3 - 8*f**2 - 5*f - 1. Let w be g(-7). Is y(w) prime?
False
Suppose -14*q + 23242243 + 87099669 + 5174902 = 0. Is q a composite number?
True
Suppose -2*p + 5*w = 2230, 4*p - 7*w + 4460 = -2*w. Suppose -26*v - 16974 = -3*v. Let r = v - p. Is r composite?
True
Let p(w) = w + 41. Suppose -37*y + 33*y = 80. Let b be p(y). Is 6706/b - (-2)/(-6) a composite number?
True
Let h(p) = 6592*p**2 - 75*p - 366. Is h(-5) composite?
False
Let i be ((1 + -73)/(-9))/2. Suppose 2*x - i*v = 5622, 4*x = -8*v + 9*v + 11251. Is x a composite number?
True
Let p(g) = 2*g**3 - 4*g**2 + g - 5. Let x be p(2). Let j(w) = -884*w + 83. Is j(x) composite?
True
Let c be (-5 - (-4 + 0))*7. Let h(o) = -o**2 - 8*o - 6. Let g be h(c). Is -526*g/(0 + -2) + 4 composite?
True
Let o(k) = k**3 - 5*k**2 + 3*k - 2. Let n be o(5). Let y(x) = -x**3 + 32*x**2 - 12*x + 12. Let p be y(n). Suppose -5*f = -1188 - p. Is f a prime number?
False
Let y be ((-4206)/(-27) - 10) + (-4)/(-18). Let n = 71 + y. Is n composite?
True
Suppose -2 = 5*t + 2*d, -d - 1 = -9*t + 12*t. Suppose -8*a + 25048 + 46928 = t. Is a composite?
True
Let v = -2467 + 4694. Let m = 6118 - v. Is m a composite number?
True
Let p = 197 - 175. Suppose -p*f + 17*f + 10915 = 0. Is f prime?
False
Suppose 0 = -3*l - 4*y + 1669, 3*y - 1418 = 5*l - 4219. Let v = l - -2740. Is v a prime number?
True
Let b(s) = -s**3 + 21*s**2 - 50*s + 1001. Is b(13) a composite number?
True
Let d(l) = l**3 + 12*l**2 - 24*l - 2. Let u be d(-7). Suppose 6*x - u - 609 = 0. Is (x/(-15))/((-2)/21) composite?
True
Let c = 76579 + -145707. Is (-1 - 1)*(-2)/((-32)/c) composite?
False
Suppose 39*h = 1415435 + 1799803. Is h a composite number?
True
Suppose 0 = -17*v - 54266 - 18732. Let l = 14211 + v. Is l prime?
False
Let y = 541326 + 550154. Is (y/(-15))/(-4) - (-3)/(-9) a composite number?
False
Let g = -6054 - -86747. Let m = g - 43230. Is m a prime number?
True
Let x(y) = -134*y - 40. Let j(f) = -3. Let o(i) = 5*j(i) + x(i). Is o(-18) a composite number?
False
Let r(a) = -a**3 + a**2. Let o be r(0). Suppose w - 12692 = d, o = -0*d - 5*d + 15. Is w prime?
False
Suppose -487*j - 323301 = -492*j - a, -j + 2*a + 64669 = 0. Is j a composite number?
False
Suppose 13*x - 17*x = -340. Let z = x + -85. Suppose -2*d = -2*v + 448, 3*v + z*d - 666 = -3*d. Is v prime?
True
Let v = 14 + -4. Suppose 6 = 4*y - v, 3*y = -n + 2347. Is n a composite number?
True
Let g(l) = 73*l**3 + 2*l**2 + 4*l - 5. Let r be g(1). Is 2235/4 - r/(-296) a composite number?
True
Is (-6913)/527 + (-10)/(-85) - -53112 a prime number?
False
Let o(p) = 1151*p**2 + 86*p + 994. Is o(-11) a composite number?
True
Suppose 49*v + 2343742 - 264574 = 14252581. Is v prime?
False
Suppose 2*q - 1 = u, -3*q = 4 + 2. Let s(g) = 2*g + 14. Let j be s(u). Suppose c = 2*c + j*x - 1657, c - 1685 = 3*x. Is c prime?
False
Let c(l) = -12*l**3 - l - 1. Let m be c(-1). Let n(h) = 447*h + 93. Let b(w) = 671*w + 140. Let j(s) = 5*b(s) - 7*n(s). Is j(m) a composite number?
True
Is (2/8 + (-347)/4)/(2265/(-2070210)) composite?
True
Let d(g) be the second derivative of -g**5/20 + g**4/12 + 3*g**3/2 + 4*g**2 + 6*g - 3. Is d(-9) a prime number?
False
Suppose 23 = -b + 5*d - 1, 3*b = -d + 8. Let j(a) be the first derivative of 2707*a**3/3 - 7*a**2/2 + 5*a + 19. Is j(b) a prime number?
False
Suppose -99231 = -3*j - h + 1153, -3*h = -j + 33458. Is j a prime number?
True
Suppose 5*v - 4375 - 3980 = -2*z, v - 1671 = 5*z. Suppose -13*a = -12*a - v. Is a composite?
True
Suppose 4*m + 3*y = 16412, 3*m = 4*y + 2081 + 10228. Suppose -4*f - 4*d = -20216, -2*f + 14202 = -d + m. Is f a composite number?
False
Let t(n) = -3*n**3 + 102*n**2 - 18*n + 47. Is t(32) composite?
True
Let m(a) = -13*a**3 + 33*a**2 + 11*a - 89. Is m(-24) a composite number?
True
Suppose -56*z + 3099605 = -106*z + 55*z. Is z prime?
True
Let z be 1455/(-21) + (-2)/(-7). Is (-231573)/(-4)*(-92)/z a composite number?
False
Let z(m) = 6470*m - 12083. Is z(51) prime?
True
Suppose -686*s - 8924063 = -717*s. Is s a prime number?
True
Is (23 + (-45241 - 31))/((-3)/7) prime?
False
Suppose -1311034 = -3*x + 3*z + 268562, 5*z = -3*x + 1579588. Is x composite?
False
Suppose -2*a + 4116 = -8364. Suppose -a = -5*p - 5*z, 2511 = 2*p + 5*z - 0*z. Is p a composite number?
True
Suppose 15*n - 14*n - 5066 = 0. Let v = n + -3375. Is (v + (2 - 0))*1 prime?
True
Let b(p) = -34*p - 132. Let g be b(-4). Suppose -3*d + g*y + 50525 = -0*d, 2*d - 33681 = 5*y. Is d a composite number?
False
Let d = -13476 - -37715. Is d prime?
True
Suppose 0 = 5*t - 10, 3*o + 3*t - 12 = -0*o. Suppose -1540 = -5*k + 5*p - o*p, 4*p = 2*k - 602. Suppose -2*l - 5*j + 433 = -k, -1506 = -4*l - j. Is l composite?
True
Let n be 0 + (-168)/(4 + -12). Let y(l) = -l**3 + 22*l**2 + 16*l - 8. Is y(n) a composite number?
False
Is (-46)/(-759) + 22130751*4/396 a prime number?
True
Let y be 11 - 1/(1/1). Suppose 73994 - 308726 = -124*u. Suppose -13*n + y*n = -u. Is n a composite number?
False
Let c be (11 + -3)/((-2)/(-1)). Suppose 0 = c*p + 5*r - 8419, -3*r = p - 5*p + 8395. Is (p/(-11))/(-1 - 0) composite?
False
Suppose -2*n = 0, 5*z + 3*n - 5*n + 40720 = 0. Let g = 15417 + z. Is g a prime number?
False
Suppose 0 = -4*o - 37 + 221. Let p = 48 - o. Suppose -p*c - 83 = n - 238, n = 3*c + 170. Is n a composite number?
True
Let j(h) = 18*h - 61. Let u be j(5). Suppose u*a = 8*a + 7266. Is a a prime number?
False
Suppose -45*r = -28*r - 7208. Is (87/(-6))/((-4)/r) a prime number?
False
Let s(q) = 203*q**3 + 11*q**2 - 71*q + 36. Is s(7) prime?
False
Is -355029*(-5)/60*(4 - 0) a composite number?
False
Let w = -6 + 11. Suppose 0*z = -w*z + 1375. Suppose -5*k + z + 630 = 0. Is k composite?
False
Let l(q) = 17656*q**2 + 15*q + 45. Is l(-2) composite?
False
Let w = -31918 - -45941. Is w prime?
False
Let f = -327 - -392. Suppose -f = -8*d + 55. Is d a prime number?
False
Suppose -208*x + 10625976 = -136*x. Is x a composite number?
False
Suppose 2*v = 2947 + 2389. Let u = v - 353. Is u a composite number?
True
Suppose -5*y - a + 129 = 0, 4*a = -11*y + 16*y - 109. Suppose y*f = 39001 + 120624.